ue of 3 + (-2 + -2 - -3) - 4?
-2
Evaluate -3 - 7 - (-1 + 2 + -4).
-7
Evaluate 6 + (1 - (3 - 0)) + 1.
5
Evaluate 2 + 2 + -7 - (12 + -13).
-2
What is the value of 3 + 3 + (-1 + -2 - 2)?
1
Calculate (2 - 1) + -3 - (21 + -19).
-4
4 - (3 - 5 - -4)
2
-3 + 1 + (4 - (4 - 2))
0
(3 + -6 - 5) + 3
-5
Calculate (-12 - (-11 + 6) - -2) + 0.
-5
What is 17 - (6 + (-8 - -13))?
6
-3 + -5 + 1 + 2
-5
What is the value of 4 + (-9 - (-1 + -3))?
-1
Evaluate 14 + -10 + (-2 + 1 - -1).
4
What is (8 - (-4 - -10 - 2)) + -8?
-4
What is the value of 10 - (1 + 12 + -1 + -5)?
3
(1 - 7) + (7 - (3 + 0))
-2
What is the value of 9 + -6 - (-1 - 0)?
4
Evaluate 6 - (-7 + -2 + 18).
-3
What is (-1 - -5) + -5 + -2?
-3
Evaluate (3 - 0 - 2) + (-27 - -29).
3
What is the value of (9 - (12 + -2)) + 0?
-1
What is 5 - (-3 + 3) - 5 - 1?
-1
Evaluate (0 - 1) + 76 + -79 + -1.
-5
(1 - 0) + (10 - 6 - -4)
9
13 - ((-1 - -10) + 1)
3
Calculate -14 - -6 - (1 + (-4 - 0)).
-5
What is 2 + (-1 - (-3 + -1))?
5
28 + -18 - (8 + -7)
9
Calculate 1 - 1 - (35 - 35).
0
9 + -18 + 3 + 11
5
What is (0 - 1) + 0 + -2 + -2?
-5
Evaluate 0 + 14 - (218 - 200).
-4
5 - 21 - -9 - 0
-7
Evaluate 0 + -1 + -15 + 13 + -1.
-4
Evaluate -1 - 1 - (0 - 0).
-2
Calculate -3 + -1 + 5 + 2 - 0.
3
Evaluate 1 + (9 - 4) + -7.
-1
Calculate 0 - (7 - (6 + -2)).
-3
Calculate 0 + -1 + (-35 - -35) - 0.
-1
(-3 + 7 - 2) + 0
2
What is (-1 - 4 - (0 - 0)) + 8?
3
0 - ((1 - 1) + 1)
-1
What is the value of 8 + -2 + -9 + 2 + 3?
2
(-3 - -7 - 1) + -8
-5
Calculate -6 + 2 + -3 + 13.
6
(2 - 2) + -2 - (2 + 0)
-4
What is -3 - -1 - (-5 - -6)?
-3
1 - -2 - (-6 + 10 + -4)
3
What is -3 + (5 + -2 + 1 - -4)?
5
(-5 - ((0 - 5) + -6)) + -3
3
Evaluate -4 + 2 + 11 + -13.
-4
Calculate -5 + (7 - 1) + 1.
2
Calculate (-1 - 8) + (-3 - -18).
6
Evaluate -10 + 6 + -5 - -12.
3
4 + -15 + 5 + 2
-4
-12 + 12 - 2 - -1
-1
What is (-7 + 11 - -5) + -4?
5
Calculate (0 + 3 - (5 - 5)) + -5.
-2
Evaluate (-1 - 1) + (-4 - -4).
-2
Calculate -14 + 1 + (0 - -3).
-10
What is the value of -8 - -3 - (7 + -13 + 1)?
0
What is 0 + -5 + (13 - (-6 + 6))?
8
Evaluate 3 - (-1 + (-2 - -6) + -3).
3
What is -1 - (0 + 3 + -9)?
5
What is the value of -5 + -11 + 12 + 0 + 0?
-4
Calculate -1 - (6 - ((2 - 5) + 12)).
2
-5 - -8 - (-15 + 15)
3
What is the value of 6 + -1 + 0 + -7 + 5?
3
Evaluate -19 - -6 - (-6 + 1 - 1).
-7
What is the value of (-9 - (-18 + 9)) + -3?
-3
Evaluate -3 - (6 + (-9 - -5)).
-5
Calculate 12 + -5 + -10 + (0 - -2).
-1
What is -9 + 3 + -1 - -2?
-5
Calculate (0 - 2) + (-3 - (8 - 15)).
2
What is the value of (-5 - (1 - 3)) + (10 - 7)?
0
-5 - (-7 + (12 - 5))
-5
Evaluate (-3 - (-9 + 2) - 7) + -2.
-5
What is the value of 0 + -4 + 2 + -3?
-5
Evaluate -5 - -1 - (-6 + 3 - -9).
-10
What is 0 - (-6 - -7) - (-3 - -2)?
0
What is the value of -4 - ((0 - 3) + -1) - -2?
2
Calculate -2 + (8 - 10) + 4.
0
Evaluate 11 - (-9 - -22 - 2).
0
Calculate -2 + 0 + (-4 - -3) + 2.
-1
What is the value of -5 + 6 + 1 + -3 + -4?
-5
What is -1 + 11 + -7 + -4?
-1
What is the value of (1 - 3) + 4 + 8 + -9?
1
Evaluate (-7 - -3) + 3 + 7.
6
What is -27 + 22 - (-3 + -1)?
-1
2 + 0 + -3 - (-11 + 14)
-4
What is the value of 24 + -27 + (1 - -1)?
-1
Evaluate -4 - (-2 - (4 - 3)).
-1
What is the value of (-1 - -4) + (-10 - -9)?
2
What is -1 - (3 - (5 + 0))?
1
What is the value of -8 + 3 + (12 - 11)?
-4
Evaluate 3 - (-27 + 18 + 3 + 3).
6
Evaluate 0 + 1 + -19 + 16 + -7.
-9
What is (7 - 4 - (1 + 2)) + 3?
3
What is the value of (-1 - -4) + 13 + -16?
0
Evaluate 2 + 0 - (7 - -2 - 3).
-4
Calculate 5 - (8 - (-11 - -9)).
-5
Calculate (2 - (4 + 1)) + 6.
3
What is the value of (2 - -2) + (-3 - 4)?
-3
(7 - (-2 + (-1 - 2))) + -3
9
Calculate 3 + -3 + 3 + -4 - -3.
2
What is the value of 2 - -1 - (-1 + 4 - -5)?
-5
What is -10 + (8 - 7) + 3?
-6
What is -13 + (22 - 13) + 7?
3
Evaluate 5 - ((4 - 1) + -6 - -3).
5
Calculate (-2 - -1 - 14) + 4 + 3.
-8
What is 85 - 88 - (0 + -2 + 8)?
-9
Evaluate -5 - (-4 + -5 + 5).
-1
Calculate (-5 - (-14 + 10)) + -2.
-3
Calculate (37 - 29) + (3 - 3) + 0.
8
Evaluate -4 + 8 + -4 + (-1 - -6).
5
Calculate 1 + -3 - -4 - -1.
3
What is the value of -3 + 3 + -1 + -1?
-2
Calculate 2 - (-3 + 3 - -2) - 3.
-3
-1 + (-1 + 4 - (-3 + 0))
5
10 - 4 - 2 - 2
2
What is the value of 7 + -4 - (-4 - (-3 + -7))?
-3
Evaluate -1 + 3 + (-3 - 1) - 4.
-6
What is the value of 6 - 9 - -2 - 6?
-7
What is the value of (3 - 4 - -3) + -2 + -5?
-5
What is -9 + (7 - -17) + -7?
8
What is the value of -4 + (-6 - -4) - -5?
-1
Evaluate (-1 - 6) + 7 + (-10 - -6).
-4
What is -2 - (-2 + 2 + 2)?
-4
What is -8 - -7 - 4 - -8?
3
What is the value of (2 + 6 - -11) + -10?
9
-4 - ((1 + -4 - -4) + 1)
-6
What is 3 + 1 + -1 - 0 - 0?
3
What is -2 - ((-22 - -28) + -2 + -1)?
-5
Evaluate (11 - -4) + (-18 - -4).
1
4 + -1 + -7 + 9
5
Calculate -2 + 1 + 1 + -1 - 2.
-3
What is 6 - (-4 + (2 - -4) - -1)?
3
(-5 - -14 - 4 - 0) + -1
4
What is the value of 10 + -12 + 7 + 2 - 9?
-2
Evaluate (4 - 1) + (-2 - (4 + -6)).
3
What is the value of 2 - (-3 - (-5 - -3))?
3
Calculate -6 + -1 + 5 - -2.
0
What is the value of -1 + -3 + 14 + -13?
-3
Calculate -19 + 20 + (-5 - 2 - -1).
-5
(8 - 5) + -7 - -12
8
Evaluate -4 + -4 + (9 - 1).
0
Evaluate (-10 - 4 - -3) + 6 + 1.
-4
(1 + 2 + -4 - -2) + 1
2
What is the value of 4 + -14 + 18 + (0 - 14)?
-6
What is the value of -1 + 0 + (-168 - -169)?
0
What is the value of 3 + (1 - 5) + 6?
5
What is 4 - -1 - (-3 + 7)?
1
Evaluate 4 - (0 - -2 - 3).
5
Calculate (3 - -8) + -2 - 11.
-2
Calculate -7 + 7 + 2 - 10.
-8
What is 3 - (7 + -5) - 5?
-4
Evaluate 0 + (3 - -5) - (-18 + 23).
3
-6 - (-7 - (0 - -6))
7
Evaluate (10 - 3) + 0 - (-9 + 7).
9
Calculate 4 - (-7 + 16 - 9).
4
What is -5 + 0 + (-5 - -7)?
-3
What is the value of 14 - 10 - (2 - -7)?
-5
What is 2 + 15 + (-3 - 4) - 2?
8
What is the value of -1 - (4 - (3 + -2 + 0))?
-4
What is -3 + 7 - (-5 + 15)?
-6
What is (-2 - -1 - -7 - 2) + -3?
1
What is 1 - -3 - (-7 - (-16 + 13))?
8
16 + -19 - ((-6 - -2) + 2)
-1
What is the value of -10 + 5 + 3 + -2 + -1?
-5
Calculate 0 - (-11 - (-9 - (1 - 6))).
7
Evaluate 0 + 3 + -1 + (3 - 7).
-2
What is -2 + (-4 - -9 - (-1 + 0))?
4
What is 0 - -4 - (-12 + 11)?
5
What is the value of 0 - (-4 - (1 + (-5 - 5)))?
-5
Calculate (8 - 1) + (4 + -3 - 5).
3
What is the value of -3 + (-3 - (4 - 5 - 2))?
-3
Calculate 1 + 1 + (5 - (-5 + 7)).
5
What is the value of (7 + -30 - -11) + 3?
-9
What is -4 - (-9 - -5 - -5)?
-5
What is the value of -15 - -9 - (-2 - -4)?
-8
Evaluate 2 + (-7 - -7 - 4).
-2
What is 20 - 21 - (2 - (-2 - -1))?
-4
Calculate -6 - ((4 - 8) + 2).
-4
What is the value of (-4 - (-6 + 4)) + -4?
-6
What is the value of 0 - 7 - (32 + -30)?
-9
Calculate 0 + ((8 - 4) + -2 - 2).
0
15 - (-5 - (-10 - (3 + -1)))
8
What is the value of -10 + (4 - 3 - -2) - -4?
-3
What is the value of -13 - (-8 + 11 + -2 - 6)?
-8
-6 + (1 - (7 + -13))
1
Calculate -6 + (-13 + 32 - (0 + 7)).
6
Evaluate 9 - 8 - 3 - (5 + -1).
-6
What is the value of -3 + 11 + -2 - (-1 - -2)?
5
Calculate -4 + (-4 - 0) + 2 + 1.
-5
(-1 - -1 - 1) + 5
4
Evaluate 2 - -1 - 3 - (-8 - -5).
3
Calculate -14 + 9 + (10 - 7).
-2
31 + -31 - (-10 - -2) - 6
2
What is the value of 0 + 3 + -8 + (-2 - -3)?
-4
What is -9 + 2 + (10 - 10)?
-7
1 - (-7 - (-5 + -9))
-6
(18 + -27 - -4) + (-3 - 0)
-8
(3 - (2 - (4 - 0))) + 0
5
Calculate -3 + 8 + -3 + 0 + 0.
2
What is the value of -9 + 24 - 15 - (3 + 1)?
-4
What is 3 + -6 - (-1 + 2)?
-4
Calculate 8 - 2 - (10 - (-2 + 2)).
-4
What is -1 + (2 - (6 - 2))?
-3
8 - (8 + 0 - 4)
4
What is the value of -3 + 2 + -10 + 4?
-7
Evaluate (17 - 15) + (0 - -2).
4
26 + -34 + (6 - -3)
1
-5 + 5 + -2 + 0
-2
Evaluate 3 - (1 + 7 - 2).
-3
Evaluate 8 + -5 + 7 + -4 + -4.
2
What is the value of (1 - -10) + -7 - (1 + 2)?
1
Evaluate (-17 - (-15 + -1)) + 0 + -3.
-4
What is (1 - 0) + -4 + 1?
-2
7 + 2 + -5 + -10 + 2
-4
Calculate 3 - (-5 + -3 + 8).
3
2 - (11 - (-3 - -6))
-6
Evaluate 2 + (6 - 12) - -11.
7
(-3 + 5 - (-2 + 0)) + -2
2
What is the value of -4 - (-5 - ((-4 - -1) + -2))?
-4
Calculate -4 - -1 - ((-18 - -32) + -18).
1
What is 2 + 2 - (-2 + -1 - -5)?
2
2 - (7 - (4 + -2))
-3
-1 + 6 - (55 - 55)
5
Calculate -4 + -1 + 2 + 2.
-1
What is the value of 2 + 5 - (-16 - -19)?
4
What is the value of -11 - (-9 + 3) - -4?
-1
What is the value of 3 + -7 + 10 + 0?
6
What is the value of (1 - 1 - -3) + 3?
6
What is the value of 7 + (3 - 3 - 0) + -2?
5
What is -6 - (13 - (12 - 